ase 6
-1314044
31a6a7c (base 13) to base 2
111001110011010010110001
What is 13003230132 (base 4) in base 7?
21504000
Convert -5cc16 (base 14) to base 4.
-313200310
What is -376b8 (base 16) in base 10?
-227000
Convert 22354 (base 10) to base 14.
820a
What is -2bbc18 (base 14) in base 7?
-16003631
Convert 10111110110101 (base 2) to base 3.
121202100
What is 1274d (base 16) in base 15?
175ec
What is -5b4a5 (base 15) in base 11?
-189953
Convert 9645 (base 11) to base 4.
3013102
Convert -1032130211 (base 4) to base 8.
-1163445
Convert 1012121012022 (base 3) to base 10.
641663
Convert 172874 (base 11) to base 9.
446533
Convert -26a9868 (base 11) to base 14.
-89769d
What is 7f99 (base 16) in base 14?
bc93
Convert 14034013 (base 5) to base 7.
1133635
Convert 1024535 (base 7) to base 15.
26b7e
Convert 69a66 (base 16) to base 7.
3451432
Convert -9a4c5 (base 13) to base 10.
-279856
Convert 11333134 (base 6) to base 14.
932a6
13111003020 (base 4) to base 3
10121121102110
What is 2a76424 (base 11) in base 3?
100220110200202
121020010022011 (base 3) to base 16
8395c9
What is -11521250 (base 7) in base 2?
-11111011100101101001
Convert 1026077 (base 8) to base 3.
111220010120
What is -933694 (base 10) in base 7?
-10636066
What is 24860 (base 12) in base 10?
49608
What is 25354531 (base 7) in base 15?
306481
What is 2e587 (base 16) in base 8?
562607
Convert 5a169 (base 14) to base 8.
655241
1210221010 (base 3) to base 11
24888
-359253 (base 15) to base 13
-6b9289
20225240 (base 7) to base 8
6337457
17e24 (base 15) to base 2
10010111001111010
What is -738b0 (base 15) in base 10?
-366465
1339793 (base 10) to base 15
1b6e98
3ca3 (base 16) to base 8
36243
What is -146471 (base 8) in base 7?
-306112
Convert 42131244 (base 5) to base 6.
11251301
755674 (base 8) to base 6
5230352
Convert 17a1998 (base 11) to base 8.
13500657
What is -30652 (base 8) in base 4?
-3012222
Convert 3022100212 (base 4) to base 6.
25431234
-2041332 (base 5) to base 15
-a0e7
Convert -2122201122010 (base 3) to base 12.
-581026
Convert 713375 (base 9) to base 13.
11a356
What is 1513362 (base 10) in base 13?
40caa6
What is -5040300 (base 7) in base 4?
-2101333230
-6541a (base 12) to base 3
-20210100011
Convert 211222120012 (base 4) to base 2.
100101101010011000000110
-180534 (base 13) to base 4
-2102221131
-42522602 (base 7) to base 11
-2052253
What is 11110 (base 15) in base 13?
1b8c4
1001011011011011000101 (base 2) to base 11
1438a69
What is -40412020 (base 5) in base 15?
-6685a
Convert 277465 (base 8) to base 14.
27a73
Convert -50510 (base 8) to base 10.
-20808
Convert 80c51 (base 14) to base 7.
2430031
Convert 1100000110011011111 (base 2) to base 13.
10b62b
What is -2722308 (base 10) in base 8?
-12305004
-2203231322 (base 4) to base 13
-1a62c7
14b840 (base 13) to base 14
d439a
Convert 16621400 (base 7) to base 15.
224965
What is 188810 (base 12) in base 15?
874c3
12001012011022 (base 3) to base 11
1571014
What is -1dd05d (base 14) in base 16?
-105f5b
What is -26be (base 15) in base 16?
-2057
Convert -70d654 (base 15) to base 14.
-9d7997
What is -23005 (base 9) in base 16?
-3bd2
Convert 114576 (base 16) to base 13.
30827a
-9e1d (base 16) to base 6
-511221
Convert 10d83c (base 15) to base 8.
3044363
Convert 5062456 (base 7) to base 8.
2232666
Convert -6561051 (base 8) to base 3.
-10022111210002
-10001010011100101010 (base 2) to base 14
-10a93c
Convert 270171 (base 8) to base 16.
17079
What is 5aed1 (base 15) in base 10?
290221
What is -23221b (base 12) in base 9?
-1048145
What is -96b453 (base 12) in base 13?
-655bb1
Convert -16a48 (base 11) to base 14.
-89c5
What is -1354114 (base 6) in base 8?
-227076
What is -10100000100110110 (base 2) in base 14?
-21d78
What is -1001000111000110001 (base 2) in base 3?
-120011112020
What is 4263126 (base 7) in base 8?
1767042
262042 (base 8) to base 12
44916
What is -14255454 (base 6) in base 9?
-825847
Convert -2b5270 (base 12) to base 3.
-1101022220210
-307757 (base 8) to base 13
-377a8
Convert 1001120211102 (base 3) to base 8.
2112750
Convert -7c9ac6 (base 13) to base 2.
-1011010011011111010000
What is -15733 (base 15) in base 9?
-114733
Convert -3ba7d (base 14) to base 15.
-2da88
Convert -818260 (base 9) to base 3.
-220122022000
Convert -20212021222212 (base 3) to base 12.
-127a77b
Convert -3203333210 (base 4) to base 12.
-390518
What is -21576 (base 13) in base 9?
-101586
-110110011111111 (base 2) to base 12
-14193
Convert 1776462 (base 9) to base 5.
223323330
Convert -bcae0 (base 15) to base 6.
-20505003
Convert -111434544 (base 6) to base 12.
-825a54
-41823 (base 14) to base 11
-a8793
11041252 (base 6) to base 13
b820b
Convert -380401 (base 10) to base 16.
-5cdf1
Convert -5c098 (base 13) to base 14.
-459a6
addd4 (base 15) to base 13
164a88
What is -1150132 (base 7) in base 5?
-14142113
Convert -626660 (base 7) to base 10.
-108038
What is 2689c7 (base 16) in base 15?
34d50e
What is -231204412 (base 5) in base 2?
-11111101011100011011
Convert -aaa666 (base 16) to base 6.
-1035412250
What is -135996 (base 10) in base 16?
-2133c
What is -101101020220 (base 3) in base 14?
-54654
What is -41610304 (base 7) in base 5?
-1344441330
What is -323000222 (base 4) in base 11?
-155663
What is 143213510 (base 6) in base 11?
173a711
Convert -4929a (base 13) to base 9.
-224424
-cb0ba (base 14) to base 2
-1110111111101001100
What is 86179 (base 10) in base 16?
150a3
What is -51300024 (base 6) in base 10?
-1469680
What is 101010100000100110 (base 2) in base 3?
22211211211
Convert 101011201122 (base 3) to base 12.
97a98
-16587 (base 14) to base 5
-3242404
What is 21121020201021 (base 3) in base 13?
ab5aa3
Convert -1316384 (base 9) to base 8.
-2575742
What is -2050d7 (base 14) in base 11?
-684667
Convert -111011001111110101000 (base 2) to base 15.
-28537b
What is 45818 (base 11) in base 12?
32392
13213033 (base 5) to base 2
100000010010101100
What is -5a548 (base 16) in base 9?
-623472
What is 314078 (base 9) in base 13?
66c92
Convert 100325242 (base 6) to base 13.
479ab9
-103102001 (base 4) to base 3
-11000100002
1214553 (base 7) to base 15
31049
What is 111000001000000111111 (base 2) in base 7?
21430001
-1b54424 (base 12) to base 9
-11872171
What is -3421530 (base 6) in base 12?
-848a6
22202403 (base 8) to base 10
4785411
Convert -707408 (base 9) to base 16.
-663da
What is 7987a (base 15) in base 13?
106cc6
Convert 30436105 (base 7) to base 14.
4a43ac
3956 (base 15) to base 6
132343
What is 62655502 (base 7) in base 9?
10854344
What is a787a5 (base 11) in base 5?
420141412
What is 11001101010101111101 (base 2) in base 5?
203403320
What is -2a8a573 (base 11) in base 7?
-62630310
Convert 42231243 (base 6) to base 7.
13323126
-1011011010101000101011 (base 2) to base 15
-3e1ac3
-11000333200 (base 4) to base 10
-1314784
611a19 (base 13) to base 4
20213310010
What is 344401 (base 5) in base 3?
122010002
13640a (base 13) to base 12
1a8590
Convert -1237323 (base 8) to base 6.
-11211255
Convert 11000000001001011 (base 2) to base 13.
35a18
Convert -4642356 (base 7) to base 13.
-174b3a
17527740 (base 8) to base 12
1461568
-331614 (base 8) to base 6
-2220112
Convert -1011101111111001111 (base 2) to base 13.
-1062c6
What is -60212774 (base 8) in base 12?
-42a2b64
What is 10505216 (base 8) in base 5?
1034414234
What is -174736 (base 8) in base 6?
-1212050
-2231013 (base 5) to base 7
-223120
What is 37441 (base 9) in base 14?
9243
Convert 10015474 (base 9) to base 16.
4924de
What is 101040010 (base 5) in base 11?
25a116
What is -35154333 (base 7) in base 14?
-5a5b53
What is -120140332 (base 5) in base 9?
-1032011
What is -12011120110 (base 3) in base 6?
-2103020
13333133 (base 4) to base 8
77737
Convert 21110211220 (base 3) to base 16.
23ecb
What is -4890ab (base 15) in base 9?
-6473088
What is 34351 (base 7) in base 6?
104314
What is 50191 (base 10) in base 8?
142017
Convert -305005 (base 10) to base 11.
-199178
31203001 (base 4) to base 12
28141
Convert 6a7b1 (base 14) to base 8.
772607
What is 669006 (base 12) in base 15?
223c96
What is 38441 (base 13) in base 5?
11311423
-48403 (base 15) to base 5
-24333103
-23312312 (base 4) to base 6
-1012502
-98883 (base 14) to base 5
-43310004
Convert -ec44 (base 16) to base 15.
-12dc4
Convert 40a322 (base 11) to base 7.
5410036
-3b4901 (